n) be the third derivative of n**5/10 + n**4/8 + 7*n**2. Calculate f(o).
18
Let j(c) = -c**3 + 5*c**2 - 3*c - 7. Let a be (-55)/(-11)*1*9/15. Determine j(a).
2
Let x(r) = -r**3 - 6*r**2 - 2*r - 7. Suppose 12 = 4*b, -10*v + 14*v - b - 913 = 0. Let u = 223 - v. What is x(u)?
5
Let i(k) be the third derivative of k**5/30 - k**4/3 - 4*k**3/3 + 4*k**2 - 11*k - 18. Give i(-1).
2
Suppose 46*a - 55*a + 9 = 0. Let m(h) = 2 - a + h - 7*h + 7*h - 7. What is m(9)?
3
Let r(w) = 42*w - 1. Let s = 2144 - 2143. Calculate r(s).
41
Let w = -16570 - -16579. Let p(x) = -x**3 + 10*x**2 - 7*x - 39. Determine p(w).
-21
Let j(o) = -5*o**2 + 550*o - 154. Let w(x) = -3*x**2 + 302*x - 77. Let s(r) = -6*j(r) + 11*w(r). What is s(-3)?
-16
Let g(i) = -i**3 - 11*i**2 - 9*i + 12. Let y(o) = -5*o**2 + 3*o - 140. Let z be y(0). Let b = -150 - z. What is g(b)?
2
Let i(c) be the third derivative of c**6/120 + 7*c**5/30 + 5*c**4/8 + 19*c**3/6 + 17696*c**2 - c + 2. Let s be (26/4)/((-2)/4). Give i(s).
-7
Let z(t) be the third derivative of -t**4/6 + 5*t**3/6 - 11*t**2 + 37*t. What is z(3)?
-7
Let n(u) = u**2 + 4*u + 7. Let v = 72 - 70. Suppose 6*i = -v - 28. What is n(i)?
12
Let d(v) = -3*v + 43. Let i be d(10). Let w = 3 - i. Let o be 5/1 - (-6 - w). Let b(x) = -14*x**2 + x - 1. Give b(o).
-14
Let q be (6/(-8))/(195/(-260)). Let o(l) = 20*l + 9. Let j(f) = -9*f - 4. Let p(y) = -9*j(y) - 4*o(y). Determine p(q).
1
Let c(v) = 16*v**3 + 4*v - 3. Let m(i) = -112*i**3 - 30*i + 22. Let q(o) = -15*c(o) - 2*m(o). Give q(-1).
17
Let r(l) = -2*l**2 + l - 7. Let w(d) = 2*d**2 - d + 8. Let f(o) = 6*r(o) + 5*w(o). Let m = -528 - -531. Calculate f(m).
-17
Let i be (-1)/(-4)*(11 + 2 + -5). Let r = 6 + -4. Let a(c) = -i*c**r - 2*c + 4*c - 2*c + 2*c - 2. What is a(2)?
-6
Suppose 15 = 3*x + 2*x. Let o(d) = 4*d**x - 2 - 5*d**3 - 4*d**2 + 0*d**3 - 2*d. Suppose -11 = -3*k - 4*a - 0*a, 5*a = -k + 22. Determine o(k).
-5
Let f(n) = 2*n**2 - 29*n - 84. Let v be f(-3). Let o(d) = d**3 - 20*d**2 - 22*d + 9. Calculate o(v).
-12
Let f(l) = -1 - 3 - 4*l**2 - l + 2. Suppose -13*r = -15*r. Suppose 18*q - 6*q - 24 = r. What is f(q)?
-20
Let a(g) be the third derivative of 0*g + 0 + 3*g**2 + 4/3*g**3 - 1/24*g**4. Let r(c) = -2*c**2 + 59*c + 36. Let k be r(30). Calculate a(k).
2
Let y(q) = 8*q + 10. Let p be y(-1). Let s(z) = -50 - 9*z**2 + 6*z**p + 55 + 2*z**2. Determine s(5).
-20
Let o be (-14)/(5/(-5)) - 12. Let v(l) = 2*l + 5. Determine v(o).
9
Let m(y) = 5*y - 74. Suppose 26*k + 29*k = 61*k - 120. Calculate m(k).
26
Let v(b) = b**2 - 3*b - 1. Suppose -5*m + 4*i - 54 = -672, 2*i = -3*m + 384. Let j = -78 + m. Suppose -j = -6*c - 18. Determine v(c).
9
Let z(m) be the third derivative of -m**4/24 - 3*m**3/2 + 5*m**2. Let u be z(-11). Let s(j) = j**2 - j**3 - 8 - 4*j**u + 4 + 0*j**2 + j. Determine s(-4).
8
Let p(y) = -5*y + 8*y - 35*y + 12*y - 23 - 34. Calculate p(-3).
3
Let c(i) = -1059*i + 2 - 3 + 2102*i - 1051*i. Let h(a) = -a**3 + 4*a**2 + 6*a - 4. Let n be h(5). Give c(n).
-9
Let o(h) = -8*h**3 - 2*h - 7. Let b be o(-3). Let t(x) be the first derivative of b - x**2 + 2*x - x - 225. What is t(-6)?
13
Suppose -266 - 287 = -88*t + 151. Let p(u) = -u**3 + 9*u**2 - 14*u + 10. What is p(t)?
-38
Let r(v) = -3*v - 2. Let b = -183 + 190. Suppose 5*c = 3*x + 10 + 1, -b = x - 5*c. What is r(x)?
4
Let r(x) be the second derivative of 1/12*x**4 + 102*x + 0 + 2/3*x**3 - x**2. Determine r(-4).
-2
Suppose 5*v = -54*v - 301 - 407. Let a(l) = -l**3 - 12*l**2 - 3*l - 24. Give a(v).
12
Suppose -3*f = -0*f. Suppose -5*g + 2*p + 61 = -2*p, f = 5*g - 5*p - 60. Let w(r) = -13*r - r - 11 + g*r. Give w(0).
-11
Suppose 4*j - 4*w = -52, -w - 1 = 4. Let t(i) = -i**3 - 18*i**2 - i - 16. Calculate t(j).
2
Let q(w) = -156*w**2 - 3*w - 5. Let y be q(-1). Let a = 159 + y. Let i(p) = -9*p. Give i(a).
-9
Let k = -200 - -203. Let z(m) = 105*m. Let c(h) = -13*h. Let s(j) = k*z(j) + 25*c(j). Suppose -6*f + 2*f - 8 = 0. Give s(f).
20
Let w(o) = 160 - 176 - 13*o - o**2 + 0*o. Let a = -90 + 78. Determine w(a).
-4
Suppose 8*x - 24 = -4*x. Let u(n) = -14 + 13*n**x - 3*n - 6 - 14*n + 2*n + n**3. Let k be u(-14). Let y(f) = f + 11. Calculate y(k).
5
Let j(x) = x**3 + 143*x**2 + 557*x + 141. Let u be j(-139). Let i(l) = l**2 - l - 1. Let n(h) = -4*h - 3. Let b(p) = -2*i(p) + n(p). Determine b(u).
-13
Let d(r) = 32*r - 4 + 635*r**2 - 1239*r**2 + 609*r**2. Determine d(-6).
-16
Let o(m) = 170*m**2 - 12*m + 12. Let q be o(1). Let g = q + -182. Let d(h) = h + 15. Give d(g).
3
Let x(s) = -s**2 + 18*s - 10*s + 5*s + 4*s + 0*s**2 - 17. Give x(7).
53
Let g(a) = -2*a - 25. Let i(y) = -6*y + 43. Let l(n) = -9*n + 84. Let h(p) = 5*i(p) - 3*l(p). Let f(r) = 7*g(r) - 5*h(r). What is f(-7)?
3
Let t(d) = 14*d + 102. Let j(z) = z**2 + 79*z - 899. Let l be j(-89). What is t(l)?
-24
Let w = -5013 + 5010. Let t(h) = 8*h**2 + 6*h + 6. What is t(w)?
60
Let m(j) = j - 13. Let n(c) = c**3 - 9*c**2 + 10*c - 14. Let x be n(8). Suppose -4*i + 12 = 0, -19 = -x*o - i - 0. Calculate m(o).
-5
Suppose 0*h + 20*h = 100. Let y(r) be the third derivative of -r**6/120 + r**5/12 - r**4/24 + r**3/3 + 3*r**2. Calculate y(h).
-3
Let a(h) = 13*h**3 + 5*h**2 + 12*h - 36. Let z(y) = -46*y**3 - 15*y**2 - 36*y + 107. Let b(t) = 7*a(t) + 2*z(t). Determine b(6).
-2
Let l be 2*(-4)/8*-71. Let a = l - 73. Let p be 12/10*(-5)/a. Let y(u) = u**3 - 4*u**2 + 2*u - 1. Determine y(p).
-4
Let m(r) = 4*r - 7. Let b(x) = -x - 4. Let o(h) = h + 3. Let i(t) = -b(t) - 2*o(t). Let k(q) = -2*i(q) - m(q). What is k(7)?
-3
Let a be (2/6)/(2/12*-2). Let m(l) = l**2 + 4*l - 10. Let f(c) = c - 1. Let j(d) = a*m(d) + 6*f(d). Suppose -5*z = -z + 5*y - 2, -z = -3*y - 9. Give j(z).
1
Let i(w) = 4 + 5 - 2*w + w. Let y be 9*(70/6 + 22/(-2)). What is i(y)?
3
Let o be 70/17 + 76/(-646). Suppose 4*n = o*x - 44, 2*n - 2 + 16 = x. Let m(p) = -p**3 + 9*p**2 - 9*p. Calculate m(x).
-8
Let r(g) = 482 + 4*g**3 - 5*g**3 - 3*g**2 - 476 + 9*g. Calculate r(-5).
11
Let k(o) = 18*o**2 - o - 11. Let j(w) = 11*w**2 - 6. Let r(n) = -5*j(n) + 3*k(n). Let f be ((-24)/9)/((-2)/(-3)). Determine r(f).
-7
Let s be 2/(-4) + (-30)/(-12). Let x(b) = -732*b - 4*b**3 + 3*b**3 + 3*b**s + 4 + 734*b. Calculate x(4).
-4
Let c(f) be the third derivative of -f**4/12 - 4*f**3/3 + 198*f**2. Suppose -2 = -2*h + 10. Give c(h).
-20
Let m(g) = g + 7. Let i be (-10)/(-15) - (-1 - (-946)/6). Let y = i + 148. Determine m(y).
-1
Let y(d) = d**2 - 25*d - 6. Suppose 4*p - 3*q - 111 = 0, -43*q + 46*q = -15. What is y(p)?
-30
Let b be (-4)/6 - 0 - 6463/(-69). Suppose -b + 15 = -13*v. Let i(t) = t**2 - 8*t. What is i(v)?
-12
Let w(a) = a**2 + 2*a + a + 3 + 1. Suppose 696 + 5136 = -18*b. Let x = b + 321. What is w(x)?
4
Let w(a) = -3*a + a**3 + a + 42 - 43 - 2*a**2. Let q(l) = l**3 - 9*l**2 - 9*l - 7. Let i be (-43)/(-4) + (-60)/80. Let m be q(i). Give w(m).
2
Let y(l) = 100 + 47*l - 612 + 134 + 128 + 67. Give y(4).
5
Let v(t) = -98 + 16*t - 40 - 110 - 56 + 71. What is v(15)?
7
Let z(k) be the first derivative of -k**7/420 - k**6/360 - k**5/60 - k**4/8 + 29*k**3 + 31. Let s(d) be the third derivative of z(d). Determine s(-2).
13
Let i be (-2 - 99/(-11)) + 51/(-3). Let d(k) = 8*k**2 + 12*k + 4. Let j(g) = -7*g - 10*g**2 + 3*g**2 - 5*g - 5. Let o(h) = -6*d(h) - 7*j(h). What is o(i)?
-9
Let j = 23 - 15. Suppose -130*k + 132*k + j = 0. Let w be (6*2/k - -3)/(-2). Let l(t) = -t - 8. Calculate l(w).
-8
Let h(z) be the first derivative of -z**4/4 - z**3/3 - 5*z**2/2 + 6*z + 5703. What is h(-4)?
74
Let f(n) = -n**2 + 10*n - 2. Let k = 328 + -581. Let j = 263 + k. Give f(j).
-2
Let r(y) = -7*y + 9*y**2 - 6 + y**2 - 10*y**2 - y**2. Let v = 8 + -15. Determine r(v).
-6
Let i(r) = -r**3 - 47*r**2 - 48*r + 53. Let w(s) = s**3 + 35*s**2 + 48*s - 55. Let b(t) = -5*i(t) - 6*w(t). Determine b(23).
19
Let l(h) = -2*h - 4. Let b be -2 + 5 - 1*(-1 + -1). Let k(o) = 1 - o**3 - o + 9*o**2 - 2*o - b*o + 6. Let j be k(8). Determine l(j).
-18
Let j(z) be the third derivative of z**5/60 + 11*z**4/12 + 121*z**3/6 - 6*z**2 - 3. What is j(-12)?
1
Suppose -2*b - 4 + 8 = 0, 3*b - 4 = -2*j. Let k be ((-149)/(-149))/((j - -1) + -1). Let t(o) = 4*o + 2. Give t(k).
-2
Let j be 0 + -3*(-5 - 57). Suppose -j + 26 = -16*z. Suppose 5*l - 5*g = z, 0 = -12*l + 14*l - 4*g. Let w(s) = s**3 - 4*s**2 + 2*s - 6. Calculat